se 0 = -5*y + 3*y + 2. Let l = y + -2. List the prime factors of -2 - (-2 + l + -1).
2
Suppose -2*u - 2*x + 3*x + 1 = 0, x = -u - 7. Let m(s) = -s - 2. Let n be m(u). List the prime factors of (5 - n)*12/4.
3, 5
Let l = -8 - -65. Let i = l - 41. List the prime factors of i.
2
Suppose 7 + 9 = 2*k. What are the prime factors of k/(-56) + (-400)/(-7)?
3, 19
Suppose -12*h = 1315 - 3259. List the prime factors of h.
2, 3
Let d(v) = 15*v**2 + 6*v + 3. What are the prime factors of d(-2)?
3, 17
Let h(i) = 70*i**3 + i. What are the prime factors of h(1)?
71
Suppose 4*h = 4*a + 308, h - 3*h + 138 = 2*a. What are the prime factors of h?
73
Let g be (2/(-6))/(1/(-6)). Let t be -1*g/(-4)*4. List the prime factors of -3 - (t - (19 + 3)).
17
Let r(f) = -f**3 - f**2 + f + 7. Let s be r(0). Let v(t) = t**3 - 7*t**2 + 2. Let d be v(s). What are the prime factors of d/((-19)/(-6) - 3)?
2, 3
Suppose 8*r - 3*r = 170. Let q = -23 + r. Suppose -5*h = -14 - q. List the prime factors of h.
5
Let k = 1 + 5. What are the prime factors of k?
2, 3
Let o = 6 + -9. List the prime factors of o/((-5)/((-80)/(-6))).
2
Let t be (8/(-10))/((-1)/(-5)). List the prime factors of (t + 5)/((-2)/(-24)).
2, 3
Let c = -1 - -3. Suppose -3*m - c = -8. List the prime factors of m.
2
Let s(f) = -f + 10. Let c be s(7). Suppose -4*m - 47 = -c*n, 3*m + 22 - 7 = 0. What are the prime factors of n?
3
Suppose -4*a - 1 = t, -t - t + 5*a = -11. Let h = 5 - t. What are the prime factors of h?
2
Suppose 5*k = 3*n - 34, 0 = -2*n + 3*n - k - 12. Let j = 20 - n. List the prime factors of (-28)/6*(-18)/j.
2, 3
Suppose -3*q + 31 = -2*q. Suppose -4*w + 123 = -2*d + q, -w + 2*d = -29. List the prime factors of (-6)/w + (-102)/(-14).
7
Suppose 2*r - 6 - 62 = 0. List the prime factors of r.
2, 17
Let i(v) = v**2 - 7*v + 6. Let z be i(6). Suppose 3*t = -z*t. Suppose -4*p + p + 36 = t. List the prime factors of p.
2, 3
What are the prime factors of (-8)/(-36) - 97/(-9)?
11
Let z = 6 - 3. Suppose -28 = -z*j - j. What are the prime factors of j?
7
What are the prime factors of 12/28 - (-348)/21?
17
Let n(b) = -18*b. Let t be n(-1). Suppose s - 8 = 2*s. Let y = t + s. List the prime factors of y.
2, 5
Let m(p) = p**3 - 8*p**2 + 10*p - 8. What are the prime factors of m(7)?
13
Let x(z) = -4*z**2 + 3*z - 1. Let w be x(3). Let a = -112 + 72. Let b = w - a. What are the prime factors of b?
2, 3
Suppose 2*c - 2 - 68 = 0. What are the prime factors of c?
5, 7
Suppose 0 = -2*o + o. Suppose o = -0*s - 3*s + 6. Let h = s - -3. List the prime factors of h.
5
Let f = 6 - 6. Suppose -2*i + 3*l = -f*l, 3*i = 5*l. Suppose -c = 3*q + c - 32, i = -5*q - 3*c + 54. List the prime factors of q.
2, 3
Let h = 3 + 10. What are the prime factors of h?
13
Let n(y) = -5*y - 105. List the prime factors of n(-32).
5, 11
Let j = -7 + -3. Let t(a) = 7 + 3*a - a - 4*a + a. List the prime factors of t(j).
17
Suppose -6*n + 92 = -148. What are the prime factors of n?
2, 5
Suppose -5*b - 24 = 11. Let x(j) = j**2 + 8*j + 10. Let l be x(b). Suppose t + 10 - 28 = 3*y, -l*t - 5*y = 16. List the prime factors of t.
3
Let n be (0*(-4)/(-16))/(-1). Suppose n = -3*b + 67 + 8. List the prime factors of b.
5
Suppose 3*p + 28 = 2*r + 5*p, 4*p = 3*r - 49. Suppose 0 = -3*n - 4*b + 45, 0*n + n = -2*b + r. Suppose -u - 2*u = -n. List the prime factors of u.
5
Let x(l) = l**2 - 4*l - 2. Let u be x(-4). Suppose -2*m = -0*m - u. List the prime factors of m.
3, 5
Let q = 2 + 89. What are the prime factors of q?
7, 13
Let w = -25 + 28. Suppose 5*p - 2*b - 34 = 3*p, 3*b + w = 0. What are the prime factors of p?
2
Suppose 35 = 5*z - 5*a, z + 5*a + 23 + 0 = 0. Suppose -z*m = -3*m + 4. List the prime factors of m.
2
Let l be -4*(2 + (-26)/(-8)). Let t = l + 34. What are the prime factors of t?
13
What are the prime factors of (52/2)/((-2)/(-3))?
3, 13
Suppose -3*u = -5*r + 2*u + 235, -45 = -r + 2*u. Suppose 2*h = 5*f - r, -f - 5*h - 1 = -0. List the prime factors of f.
3
Suppose -5*t + 15 = 0, 2*t = -4*u + 6*t + 28. Suppose -18 + 5 = y - 4*a, -2*y = 4*a - 22. Suppose -y*k + u = -k. What are the prime factors of k?
5
Let i = 33 + -55. Let h be (1 - 3)/(2/i). Let p = 32 - h. List the prime factors of p.
2, 5
Let z be (-1)/(1 - (-1)/(-2)). List the prime factors of -4 + 2 + (15 - z).
3, 5
Let v(y) = -y**3 + 6*y**2 + 6*y + 9. List the prime factors of v(7).
2
Suppose 0 = 2*g + g - 9. Suppose -g*a + 5*f - 2*f + 75 = 0, -6 = -3*f. List the prime factors of a.
3
Let b = -3 + 5. Let f be 5*3*b/10. Suppose 0 = -5*o - 4*y + 90, o = -3*o - f*y + 72. What are the prime factors of o?
2, 3
Suppose 4*t - 48 = -4*c, 0 = -5*c + 3*c - 3*t + 29. Let n = -5 + c. What are the prime factors of n?
2
Let n be ((-27)/6)/((-3)/16). Suppose 3*c = -c + n. List the prime factors of c.
2, 3
Suppose 10*l = 5*l + 320. List the prime factors of l.
2
Let i(q) = -2*q - 1. Let w be i(2). Let l(k) = 3*k + 3. Let o(s) = 2*s + 2. Let z(j) = 3*l(j) - 5*o(j). List the prime factors of z(w).
2
Let r be 74/6 + 6/9. Let b = r - -1. What are the prime factors of b?
2, 7
Suppose 3*b = -b + 120. List the prime factors of b.
2, 3, 5
Let s be 88/(-6) - 1/3. Let a = s - -25. What are the prime factors of a?
2, 5
Let c(p) = -p - 7. Let k be c(-10). What are the prime factors of (k - 0)/((-3)/(-33))?
3, 11
Let r = -41 + 61. Let m = r - 5. List the prime factors of m.
3, 5
List the prime factors of 4/7 + 3114/14.
223
Suppose -d = -y - 285 - 11, 0 = -3*d - 4*y + 909. What are the prime factors of d?
13, 23
Let m(n) = -13*n - 8. What are the prime factors of m(-4)?
2, 11
Let a be 1/(1/(-86)*-2). Suppose -a = -5*r + 7. List the prime factors of r.
2, 5
List the prime factors of (30/(-4))/(12/(-16)).
2, 5
Suppose -10*d + 12*d = 156. What are the prime factors of d?
2, 3, 13
Suppose 5*d = -0*d + 135. List the prime factors of d.
3
Suppose 5*n - 1 = -c + 3, -3*c - 4*n + 23 = 0. Suppose 0*p - 3*p = c. What are the prime factors of p/6 + (-5)/(-2)?
2
Suppose 0 = 2*j - 4*t - 4, 3*j + j - 4*t = 4. Suppose 1 = z - j. Suppose g - 9 - z = 0. What are the prime factors of g?
2, 5
Suppose 2 = -2*p - 5*v - 0*v, -3*p - 3*v = -6. Suppose p*x - 7*x + 69 = 0. What are the prime factors of x?
23
Let l(f) = 3*f - 9. Let h(u) = 4*u - 13. Let g(v) = 5*h(v) - 7*l(v). Suppose 5*s + 14 + 11 = 0. List the prime factors of g(s).
3
Let q(g) = g**3 - 12*g**2 + 10*g + 16. Let r be q(11). Let n(c) = -7 + 0*c + r*c - c + c**2 - 1. What are the prime factors of n(-7)?
13
Suppose -4*t - 3*u = -4*u - 182, 4*t - 194 = -5*u. Suppose 0 = y - 5*l - 5 - t, 74 = 2*y - 3*l. List the prime factors of y.
31
Let b = 46 - -56. What are the prime factors of b?
2, 3, 17
Let j = 6 - 2. Suppose n = 2, -2*w + 4*w + j*n = 42. List the prime factors of w.
17
Let c = 14 + -12. Suppose c*j - 1 = 7. List the prime factors of j.
2
Let q(o) = -o**3 - 5*o**2 - 4*o - 15. What are the prime factors of q(-6)?
3, 5
Suppose q = 2*q - 4. Let g = 11 - q. Suppose 5*d = h + 25, 3*d + g = d - 3*h. What are the prime factors of d?
2
Let g be (2 - 1)*-5*3. Let n = g - -44. List the prime factors of n.
29
Suppose -5*r = -3*m + 49, 2*r + 13 = 5*m - 37. Suppose -3*n + m*n = 25. Let b = n + 1. List the prime factors of b.
2, 3
Let m = -4 - -1. What are the prime factors of (2 + m - -8) + 3?
2, 5
Let v = 130 - 90. List the prime factors of v.
2, 5
Let x be 15/3 - (1 + 0). Let u = x - 3. What are the prime factors of (-2)/(u - 18/15)?
2, 5
Let s(t) = t**3 - 9*t**2 - 11*t + 14. Let b be s(10). Suppose 0 = b*m - 45 - 11. List the prime factors of m.
2, 7
Let x(m) = -7*m + 3. Let q be x(-3). Suppose q + 2 = 4*y - 5*v, y + 3*v + 2 = 0. Suppose 18 - 6 = y*u. List the prime factors of u.
3
Suppose -5*b = -t - 132, t + 4*t + 39 = 2*b. Suppose 5*l - 250 = -5*h, h = -3*l + 25 + b. What are the prime factors of h?
7
Suppose 2*a + 2*a - 16 = 0. List the prime factors of (-37)/(-2) + (-2)/a.
2, 3
Let h(k) = -k**3 + 9*k**2 - k + 7. List the prime factors of h(8).
3, 7
Let k(u) = -6*u - 1. What are the prime factors of k(-4)?
23
Let w be ((-14)/(-35))/((-2)/50). Let d = w + 1. Let i(p) = -p - 5. What are the prime factors of i(d)?
2
Suppose 228 = 6*x - 2*x. What are the prime factors of x?
3, 19
Let k = 1 + 15. Let b = 3 + k. Let h = 28 - b. What are the prime factors of h?
3
Suppose -u = -m + 36, -2*m = -